units digit of 937?
7
What is the units digit of 473?
3
What is the thousands digit of 21113?
1
What is the ten thousands digit of 116094?
1
What is the ten thousands digit of 29254?
2
What is the tens digit of 83368?
6
What is the tens digit of 21150?
5
What is the hundreds digit of 14913?
9
What is the tens digit of 8961?
6
What is the units digit of 2138?
8
What is the tens digit of 1401?
0
What is the ten thousands digit of 10409?
1
What is the units digit of 667?
7
What is the hundreds digit of 13830?
8
What is the units digit of 18631?
1
What is the hundreds digit of 2932?
9
What is the ten thousands digit of 14396?
1
What is the units digit of 10396?
6
What is the units digit of 18054?
4
What is the hundreds digit of 10097?
0
What is the hundreds digit of 957?
9
What is the ten thousands digit of 18796?
1
What is the units digit of 849?
9
What is the tens digit of 4402?
0
What is the tens digit of 28119?
1
What is the hundreds digit of 3317?
3
What is the tens digit of 8617?
1
What is the tens digit of 19144?
4
What is the units digit of 953?
3
What is the units digit of 4957?
7
What is the thousands digit of 6725?
6
What is the units digit of 6822?
2
What is the thousands digit of 3708?
3
What is the units digit of 20792?
2
What is the tens digit of 2978?
7
What is the thousands digit of 3174?
3
What is the hundreds digit of 1488?
4
What is the thousands digit of 16898?
6
What is the tens digit of 346?
4
What is the tens digit of 6942?
4
What is the units digit of 1696?
6
What is the hundreds digit of 270?
2
What is the thousands digit of 18800?
8
What is the tens digit of 856?
5
What is the tens digit of 2532?
3
What is the hundreds digit of 7288?
2
What is the thousands digit of 3631?
3
What is the thousands digit of 49871?
9
What is the ten thousands digit of 10058?
1
What is the tens digit of 510?
1
What is the hundreds digit of 2064?
0
What is the tens digit of 3506?
0
What is the tens digit of 1249?
4
What is the hundreds digit of 744?
7
What is the thousands digit of 1222?
1
What is the tens digit of 412?
1
What is the tens digit of 5510?
1
What is the units digit of 427?
7
What is the units digit of 690?
0
What is the hundreds digit of 843?
8
What is the hundreds digit of 39489?
4
What is the hundreds digit of 21636?
6
What is the tens digit of 3607?
0
What is the tens digit of 63373?
7
What is the hundreds digit of 60287?
2
What is the ten thousands digit of 48335?
4
What is the ten thousands digit of 11788?
1
What is the hundreds digit of 32077?
0
What is the units digit of 387?
7
What is the tens digit of 252?
5
What is the thousands digit of 1592?
1
What is the thousands digit of 36260?
6
What is the ten thousands digit of 12408?
1
What is the hundreds digit of 733?
7
What is the hundreds digit of 70939?
9
What is the hundreds digit of 4651?
6
What is the thousands digit of 4232?
4
What is the tens digit of 90054?
5
What is the hundreds digit of 1192?
1
What is the tens digit of 4555?
5
What is the thousands digit of 7501?
7
What is the thousands digit of 171115?
1
What is the units digit of 127663?
3
What is the units digit of 3097?
7
What is the tens digit of 1350?
5
What is the ten thousands digit of 42572?
4
What is the tens digit of 61612?
1
What is the hundreds digit of 100182?
1
What is the ten thousands digit of 67241?
6
What is the units digit of 44552?
2
What is the units digit of 2278?
8
What is the units digit of 10223?
3
What is the units digit of 12479?
9
What is the hundreds digit of 8566?
5
What is the hundreds digit of 1152?
1
What is the thousands digit of 1323?
1
What is the tens digit of 124407?
0
What is the units digit of 85980?
0
What is the hundreds digit of 4295?
2
What is the units digit of 376?
6
What is the ten thousands digit of 17975?
1
What is the thousands digit of 3069?
3
What is the hundreds digit of 1029?
0
What is the hundreds digit of 669?
6
What is the units digit of 3810?
0
What is the hundreds digit of 883?
8
What is the tens digit of 122?
2
What is the tens digit of 6738?
3
What is the hundreds digit of 14876?
8
What is the hundreds digit of 74465?
4
What is the hundreds digit of 125393?
3
What is the tens digit of 33803?
0
What is the thousands digit of 1985?
1
What is the thousands digit of 92282?
2
What is the units digit of 34712?
2
What is the thousands digit of 1392?
1
What is the thousands digit of 14662?
4
What is the units digit of 1971?
1
What is the ten thousands digit of 12542?
1
What is the hundreds digit of 2640?
6
What is the units digit of 3084?
4
What is the tens digit of 5176?
7
What is the tens digit of 12846?
4
What is the ten thousands digit of 12771?
1
What is the hundreds digit of 12148?
1
What is the hundreds digit of 233?
2
What is the hundreds digit of 2006?
0
What is the units digit of 715?
5
What is the ten thousands digit of 61805?
6
What is the hundreds digit of 1619?
6
What is the thousands digit of 8337?
8
What is the thousands digit of 3059?
3
What is the thousands digit of 100648?
0
What is the tens digit of 847?
4
What is the thousands digit of 1683?
1
What is the units digit of 801?
1
What is the tens digit of 16863?
6
What is the hundreds digit of 10482?
4
What is the tens digit of 1072?
7
What is the units digit of 2443?
3
What is the tens digit of 41849?
4
What is the units digit of 27422?
2
What is the units digit of 82272?
2
What is the tens digit of 7937?
3
What is the thousands digit of 1890?
1
What is the tens digit of 942?
4
What is the tens digit of 4668?
6
What is the tens digit of 9993?
9
What is the units digit of 342?
2
What is the hundreds digit of 382?
3
What is the units digit of 769?
9
What is the tens digit of 1284?
8
What is the units digit of 94?
4
What is the tens digit of 3355?
5
What is the units digit of 388?
8
What is the ten thousands digit of 38137?
3
What is the tens digit of 55224?
2
What is the tens digit of 1015?
1
What is the tens digit of 27672?
7
What is the tens digit of 149224?
2
What is the ten thousands digit of 48732?
4
What is the units digit of 100578?
8
What is the units digit of 3658?
8
What is the tens digit of 88?
8
What is the units digit of 299?
9
What is the thousands digit of 61784?
1
What is the tens digit of 6667?
6
What is the units digit of 932?
2
What is the tens digit of 1897?
9
What is the thousands digit of 12114?
2
What is the tens digit of 9553?
5
What is the hundreds digit of 117293?
2
What is the hundreds digit of 8239?
2
What is the thousands digit of 25089?
5
What is the tens digit of 126?
2
What is the tens digit of 456?
5
What is the tens digit of 3626?
2
What is the tens digit of 170?
7
What is the hundreds digit of 5912?
9
What is the thousands digit of 1579?
1
What is the ten thousands digit of 89406?
8
What is the thousands digit of 8610?
8
What is the tens digit of 4605?
0
What is the tens digit of 3676?
7
What is the tens digit of 1602?
0
What is the units digit of 6550?
0
What is the tens digit of 3097?
9
What is the thousands digit of 1744?
1
What is the hundreds digit of 11124?
1
What is the units digit of 16442?
2
What is the tens digit of 41106?
0
What is the tens digit of 147?
4
What is the tens digit of 1336?
3
What is the units digit of 78302?
2
What is the tens digit of 12941?
4
What is the hundred thousands digit of 186792?
1
What is the units digit of 3826?
6
What is the hundreds digit of 738?
7
What is the units digit of 19689?
9
What is the hundreds digit of 632?
6
What is the thousands digit of 1114?
1
What is the units digit of 4105?
5
What is the thousands digit of 75138?
5
What is the tens digit of 479?
7
What is the tens digit of 784?
8
What is the hundreds digit of 4366?
3
What is the hundreds digit of 5967?
9
What is the tens digit of 532?
3
What is the units digit of 2025?
5
What is the ten thousands digit of 12922?
1
What is the tens digit of 2089?
8
What is the tens digit of 87982?
8
What is the units digit of 1642?
2
What is the ten thousands digit of 11107?
1
What is the units digit of 73361?
1
What is the units digit of 810?
0
What is the tens digit of 507?
0
What is the thousands digit of 1388?
1
What is the tens digit of 2501?
0
What is the thousands digit of 5411?
5
What is the units digit of 45503?
3
What is the thousands digit of 1653?
1
What